{"id":188,"date":"2020-06-10T10:32:39","date_gmt":"2020-06-10T10:32:39","guid":{"rendered":"https:\/\/prefetsvalais.ch\/die-beziehungen-der-praefekten-zum-staat\/"},"modified":"2020-08-25T13:40:53","modified_gmt":"2020-08-25T11:40:53","slug":"die-beziehungen-der-praefekten-zum-staat","status":"publish","type":"page","link":"https:\/\/prefetsvalais.ch\/de\/die-beziehungen-der-praefekten-zum-staat\/","title":{"rendered":"Die Beziehungen der Pr\u00e4fekten zum Staat"},"content":{"rendered":"<p>[et_pb_section fb_built=&#8220;1&#8243; _builder_version=&#8220;4.4.7&#8243; custom_padding=&#8220;||0px||false|false&#8220;][et_pb_row _builder_version=&#8220;4.4.7&#8243;][et_pb_column type=&#8220;4_4&#8243; _builder_version=&#8220;4.4.7&#8243;][et_pb_text _builder_version=&#8220;4.4.7&#8243; header_font=&#8220;|700|||||||&#8220; header_text_align=&#8220;center&#8220; header_font_size_tablet=&#8220;&#8220; header_font_size_phone=&#8220;&#8220; header_font_size_last_edited=&#8220;on|phone&#8220;]<\/p>\n<h1><strong>Was sind die Beziehungspunkte zwischen den Pr\u00e4fekten und dem Staat?<\/strong><\/h1>\n<p>[\/et_pb_text][et_pb_divider divider_weight=&#8220;3px&#8220; _builder_version=&#8220;4.4.7&#8243; width=&#8220;100px&#8220; width_tablet=&#8220;&#8220; width_phone=&#8220;&#8220; width_last_edited=&#8220;on|phone&#8220; module_alignment=&#8220;center&#8220;][\/et_pb_divider][et_pb_text _builder_version=&#8220;4.4.7&#8243;]<\/p>\n<p>Die Pr\u00e4fekten handeln unter allen Umst\u00e4nden im Hinblick auf die Wahrung der Interessen des Staates. Nach diesem Prinzip d\u00fcrfen sie nicht \u00f6ffentlich gegen die Entscheidungen des Staatsrates oder eines Departementvorstehers Stellung nehmen.<\/p>\n<p>Zur Erinnerung: Pr\u00e4fekten sind die obersten Richter des Bezirkes und die Vertreter der Exekutiv- und Verwaltungsmacht, deren Befehle sie erhalten und ausf\u00fchren. Es sei darauf hingewiesen, dass die Pr\u00e4fekten dem Departementvorsteher, der f\u00fcr die Institutionen zust\u00e4ndig ist, jedes Jahr einen Bericht \u00fcber ihre Aktivit\u00e4ten im vergangenen Jahr zukommen lassen. Sie richten auch Sonderberichte an den Staatsrat \u00fcber die ihnen bekannten Fakten, so oft es das Wohl des Dienstes erfordert.<\/p>\n<p>[\/et_pb_text][\/et_pb_column][\/et_pb_row][\/et_pb_section][et_pb_section fb_built=&#8220;1&#8243; _builder_version=&#8220;4.4.7&#8243;][et_pb_row column_structure=&#8220;1_2,1_2&#8243; _builder_version=&#8220;4.4.7&#8243;][et_pb_column type=&#8220;1_2&#8243; _builder_version=&#8220;4.4.7&#8243;][et_pb_blurb title=&#8220;Vertretung und Delegation des Staatsrates&#8220; image=&#8220;https:\/\/prefetsvalais.ch\/wp-content\/uploads\/2020\/06\/postit.png&#8220; icon_placement=&#8220;left&#8220; image_max_width=&#8220;75px&#8220; _builder_version=&#8220;4.4.7&#8243; header_font=&#8220;|700|||||||&#8220; header_text_color=&#8220;#e02b20&#8243;]<\/p>\n<p>Der Staatsrat kann einen Pr\u00e4fekten zu einer Veranstaltung delegieren, bei der eine offizielle Regierungspr\u00e4senz erw\u00fcnscht ist. In Abwesenheit eines Mitglieds des Staatsrats:<\/p>\n<ul style=\"list-style-type: circle;\">\n<li>ist der Pr\u00e4fekt der offizielle Vertreter des Kantons<\/li>\n<li>vertritt der Pr\u00e4fekt den Staatsrat innerhalb des Bezirks und\/oder ausserhalb des Kantons<\/li>\n<\/ul>\n<p>[\/et_pb_blurb][\/et_pb_column][et_pb_column type=&#8220;1_2&#8243; _builder_version=&#8220;4.4.7&#8243;][et_pb_blurb title=&#8220;Mandat des Staatsrates&#8220; image=&#8220;https:\/\/prefetsvalais.ch\/wp-content\/uploads\/2020\/06\/bankcircle.png&#8220; icon_placement=&#8220;left&#8220; image_max_width=&#8220;75px&#8220; _builder_version=&#8220;4.4.7&#8243; header_font=&#8220;|700|||||||&#8220; header_text_color=&#8220;#e02b20&#8243;]<\/p>\n<p>Der Staatsrat, in seiner Eigenschaft als Aufsichtsbeh\u00f6rde bzw. Oberaufsichtsbeh\u00f6rde der Gemeinden, kann die Pr\u00e4fekten mit besonderen Aufgaben wie die \u00dcberwachung der Stimmabgabe und der Ausz\u00e4hlung betrauen.<\/p>\n<p>Ein Departementvorsteher kann unter Umst\u00e4nden auch die Dienste der Pr\u00e4fekten in Anspruch nehmen.<\/p>\n<p>[\/et_pb_blurb][\/et_pb_column][\/et_pb_row][\/et_pb_section]<\/p>\n","protected":false},"excerpt":{"rendered":"<p>Was sind die Beziehungspunkte zwischen den Pr\u00e4fekten und dem Staat?Die Pr\u00e4fekten handeln unter allen Umst\u00e4nden im Hinblick auf die Wahrung der Interessen des Staates. Nach diesem Prinzip d\u00fcrfen sie nicht \u00f6ffentlich gegen die Entscheidungen des Staatsrates oder eines Departementvorstehers Stellung nehmen. Zur Erinnerung: Pr\u00e4fekten sind die obersten Richter des Bezirkes und die Vertreter der Exekutiv- [&hellip;]<\/p>\n","protected":false},"author":2,"featured_media":0,"parent":0,"menu_order":0,"comment_status":"closed","ping_status":"closed","template":"","meta":{"_et_pb_use_builder":"on","_et_pb_old_content":"","_et_gb_content_width":"","footnotes":""},"class_list":["post-188","page","type-page","status-publish","hentry"],"yoast_head":"<!-- This site is optimized with the Yoast SEO plugin v27.3 - https:\/\/yoast.com\/product\/yoast-seo-wordpress\/ -->\n<title>Die Beziehungen der Pr\u00e4fekten zum Staat - Pr\u00e9fets du Valais<\/title>\n<meta name=\"description\" content=\"Die Pr\u00e4fekten handeln unter allen Umst\u00e4nden im Hinblick auf die Wahrung der Interessen des Staates.\" \/>\n<meta name=\"robots\" content=\"index, follow, max-snippet:-1, max-image-preview:large, max-video-preview:-1\" \/>\n<link rel=\"canonical\" href=\"https:\/\/prefetsvalais.ch\/de\/die-beziehungen-der-praefekten-zum-staat\/\" \/>\n<meta property=\"og:locale\" content=\"de_DE\" \/>\n<meta property=\"og:type\" content=\"article\" \/>\n<meta property=\"og:title\" content=\"Die Beziehungen der Pr\u00e4fekten zum Staat - Pr\u00e9fets du Valais\" \/>\n<meta property=\"og:description\" content=\"Die Pr\u00e4fekten handeln unter allen Umst\u00e4nden im Hinblick auf die Wahrung der Interessen des Staates.\" \/>\n<meta property=\"og:url\" content=\"https:\/\/prefetsvalais.ch\/de\/die-beziehungen-der-praefekten-zum-staat\/\" \/>\n<meta property=\"og:site_name\" content=\"Pr\u00e9fets du Valais\" \/>\n<meta property=\"article:modified_time\" content=\"2020-08-25T11:40:53+00:00\" \/>\n<meta name=\"twitter:card\" content=\"summary_large_image\" \/>\n<meta name=\"twitter:label1\" content=\"Gesch\u00e4tzte Lesezeit\" \/>\n\t<meta name=\"twitter:data1\" content=\"2\u00a0Minuten\" \/>\n<script type=\"application\/ld+json\" class=\"yoast-schema-graph\">{\"@context\":\"https:\\\/\\\/schema.org\",\"@graph\":[{\"@type\":\"WebPage\",\"@id\":\"https:\\\/\\\/prefetsvalais.ch\\\/de\\\/die-beziehungen-der-praefekten-zum-staat\\\/\",\"url\":\"https:\\\/\\\/prefetsvalais.ch\\\/de\\\/die-beziehungen-der-praefekten-zum-staat\\\/\",\"name\":\"Die Beziehungen der Pr\u00e4fekten zum Staat - Pr\u00e9fets du Valais\",\"isPartOf\":{\"@id\":\"https:\\\/\\\/prefetsvalais.ch\\\/#website\"},\"datePublished\":\"2020-06-10T10:32:39+00:00\",\"dateModified\":\"2020-08-25T11:40:53+00:00\",\"description\":\"Die Pr\u00e4fekten handeln unter allen Umst\u00e4nden im Hinblick auf die Wahrung der Interessen des Staates.\",\"breadcrumb\":{\"@id\":\"https:\\\/\\\/prefetsvalais.ch\\\/de\\\/die-beziehungen-der-praefekten-zum-staat\\\/#breadcrumb\"},\"inLanguage\":\"de\",\"potentialAction\":[{\"@type\":\"ReadAction\",\"target\":[\"https:\\\/\\\/prefetsvalais.ch\\\/de\\\/die-beziehungen-der-praefekten-zum-staat\\\/\"]}]},{\"@type\":\"BreadcrumbList\",\"@id\":\"https:\\\/\\\/prefetsvalais.ch\\\/de\\\/die-beziehungen-der-praefekten-zum-staat\\\/#breadcrumb\",\"itemListElement\":[{\"@type\":\"ListItem\",\"position\":1,\"name\":\"Accueil\",\"item\":\"https:\\\/\\\/prefetsvalais.ch\\\/\"},{\"@type\":\"ListItem\",\"position\":2,\"name\":\"Die Beziehungen der Pr\u00e4fekten zum Staat\"}]},{\"@type\":\"WebSite\",\"@id\":\"https:\\\/\\\/prefetsvalais.ch\\\/#website\",\"url\":\"https:\\\/\\\/prefetsvalais.ch\\\/\",\"name\":\"Pr\u00e9fets du Valais\",\"description\":\"\",\"publisher\":{\"@id\":\"https:\\\/\\\/prefetsvalais.ch\\\/#organization\"},\"potentialAction\":[{\"@type\":\"SearchAction\",\"target\":{\"@type\":\"EntryPoint\",\"urlTemplate\":\"https:\\\/\\\/prefetsvalais.ch\\\/?s={search_term_string}\"},\"query-input\":{\"@type\":\"PropertyValueSpecification\",\"valueRequired\":true,\"valueName\":\"search_term_string\"}}],\"inLanguage\":\"de\"},{\"@type\":\"Organization\",\"@id\":\"https:\\\/\\\/prefetsvalais.ch\\\/#organization\",\"name\":\"Pr\u00e9fets du Valais\",\"url\":\"https:\\\/\\\/prefetsvalais.ch\\\/\",\"logo\":{\"@type\":\"ImageObject\",\"inLanguage\":\"de\",\"@id\":\"https:\\\/\\\/prefetsvalais.ch\\\/#\\\/schema\\\/logo\\\/image\\\/\",\"url\":\"https:\\\/\\\/prefetsvalais.ch\\\/wp-content\\\/uploads\\\/2020\\\/08\\\/logo-prefets.png\",\"contentUrl\":\"https:\\\/\\\/prefetsvalais.ch\\\/wp-content\\\/uploads\\\/2020\\\/08\\\/logo-prefets.png\",\"width\":600,\"height\":252,\"caption\":\"Pr\u00e9fets du Valais\"},\"image\":{\"@id\":\"https:\\\/\\\/prefetsvalais.ch\\\/#\\\/schema\\\/logo\\\/image\\\/\"}}]}<\/script>\n<!-- \/ Yoast SEO plugin. -->","yoast_head_json":{"title":"Die Beziehungen der Pr\u00e4fekten zum Staat - Pr\u00e9fets du Valais","description":"Die Pr\u00e4fekten handeln unter allen Umst\u00e4nden im Hinblick auf die Wahrung der Interessen des Staates.","robots":{"index":"index","follow":"follow","max-snippet":"max-snippet:-1","max-image-preview":"max-image-preview:large","max-video-preview":"max-video-preview:-1"},"canonical":"https:\/\/prefetsvalais.ch\/de\/die-beziehungen-der-praefekten-zum-staat\/","og_locale":"de_DE","og_type":"article","og_title":"Die Beziehungen der Pr\u00e4fekten zum Staat - Pr\u00e9fets du Valais","og_description":"Die Pr\u00e4fekten handeln unter allen Umst\u00e4nden im Hinblick auf die Wahrung der Interessen des Staates.","og_url":"https:\/\/prefetsvalais.ch\/de\/die-beziehungen-der-praefekten-zum-staat\/","og_site_name":"Pr\u00e9fets du Valais","article_modified_time":"2020-08-25T11:40:53+00:00","twitter_card":"summary_large_image","twitter_misc":{"Gesch\u00e4tzte Lesezeit":"2\u00a0Minuten"},"schema":{"@context":"https:\/\/schema.org","@graph":[{"@type":"WebPage","@id":"https:\/\/prefetsvalais.ch\/de\/die-beziehungen-der-praefekten-zum-staat\/","url":"https:\/\/prefetsvalais.ch\/de\/die-beziehungen-der-praefekten-zum-staat\/","name":"Die Beziehungen der Pr\u00e4fekten zum Staat - Pr\u00e9fets du Valais","isPartOf":{"@id":"https:\/\/prefetsvalais.ch\/#website"},"datePublished":"2020-06-10T10:32:39+00:00","dateModified":"2020-08-25T11:40:53+00:00","description":"Die Pr\u00e4fekten handeln unter allen Umst\u00e4nden im Hinblick auf die Wahrung der Interessen des Staates.","breadcrumb":{"@id":"https:\/\/prefetsvalais.ch\/de\/die-beziehungen-der-praefekten-zum-staat\/#breadcrumb"},"inLanguage":"de","potentialAction":[{"@type":"ReadAction","target":["https:\/\/prefetsvalais.ch\/de\/die-beziehungen-der-praefekten-zum-staat\/"]}]},{"@type":"BreadcrumbList","@id":"https:\/\/prefetsvalais.ch\/de\/die-beziehungen-der-praefekten-zum-staat\/#breadcrumb","itemListElement":[{"@type":"ListItem","position":1,"name":"Accueil","item":"https:\/\/prefetsvalais.ch\/"},{"@type":"ListItem","position":2,"name":"Die Beziehungen der Pr\u00e4fekten zum Staat"}]},{"@type":"WebSite","@id":"https:\/\/prefetsvalais.ch\/#website","url":"https:\/\/prefetsvalais.ch\/","name":"Pr\u00e9fets du Valais","description":"","publisher":{"@id":"https:\/\/prefetsvalais.ch\/#organization"},"potentialAction":[{"@type":"SearchAction","target":{"@type":"EntryPoint","urlTemplate":"https:\/\/prefetsvalais.ch\/?s={search_term_string}"},"query-input":{"@type":"PropertyValueSpecification","valueRequired":true,"valueName":"search_term_string"}}],"inLanguage":"de"},{"@type":"Organization","@id":"https:\/\/prefetsvalais.ch\/#organization","name":"Pr\u00e9fets du Valais","url":"https:\/\/prefetsvalais.ch\/","logo":{"@type":"ImageObject","inLanguage":"de","@id":"https:\/\/prefetsvalais.ch\/#\/schema\/logo\/image\/","url":"https:\/\/prefetsvalais.ch\/wp-content\/uploads\/2020\/08\/logo-prefets.png","contentUrl":"https:\/\/prefetsvalais.ch\/wp-content\/uploads\/2020\/08\/logo-prefets.png","width":600,"height":252,"caption":"Pr\u00e9fets du Valais"},"image":{"@id":"https:\/\/prefetsvalais.ch\/#\/schema\/logo\/image\/"}}]}},"_links":{"self":[{"href":"https:\/\/prefetsvalais.ch\/de\/wp-json\/wp\/v2\/pages\/188","targetHints":{"allow":["GET"]}}],"collection":[{"href":"https:\/\/prefetsvalais.ch\/de\/wp-json\/wp\/v2\/pages"}],"about":[{"href":"https:\/\/prefetsvalais.ch\/de\/wp-json\/wp\/v2\/types\/page"}],"author":[{"embeddable":true,"href":"https:\/\/prefetsvalais.ch\/de\/wp-json\/wp\/v2\/users\/2"}],"replies":[{"embeddable":true,"href":"https:\/\/prefetsvalais.ch\/de\/wp-json\/wp\/v2\/comments?post=188"}],"version-history":[{"count":5,"href":"https:\/\/prefetsvalais.ch\/de\/wp-json\/wp\/v2\/pages\/188\/revisions"}],"predecessor-version":[{"id":390,"href":"https:\/\/prefetsvalais.ch\/de\/wp-json\/wp\/v2\/pages\/188\/revisions\/390"}],"wp:attachment":[{"href":"https:\/\/prefetsvalais.ch\/de\/wp-json\/wp\/v2\/media?parent=188"}],"curies":[{"name":"wp","href":"https:\/\/api.w.org\/{rel}","templated":true}]}}

Die Beziehungen der Präfekten zum Staat

<p>[et_pb_section fb_built=&#8220;1&#8243; _builder_version=&#8220;4.4.7&#8243; custom_padding=&#8220;||0px||false|false&#8220;][et_pb_row _builder_version=&#8220;4.4.7&#8243;][et_pb_column type=&#8220;4_4&#8243; _builder_version=&#8220;4.4.7&#8243;][et_pb_text _builder_version=&#8220;4.4.7&#8243; header_font=&#8220;|700|||||||&#8220; header_text_align=&#8220;center&#8220; header_font_size_tablet=&#8220;&#8220; header_font_size_phone=&#8220;&#8220; header_font_size_last_edited=&#8220;on|phone&#8220;]</p>
<h1><strong>Was sind die Beziehungspunkte zwischen den Präfekten und dem Staat?</strong></h1>
<p>[/et_pb_text][et_pb_divider divider_weight=&#8220;3px&#8220; _builder_version=&#8220;4.4.7&#8243; width=&#8220;100px&#8220; width_tablet=&#8220;&#8220; width_phone=&#8220;&#8220; width_last_edited=&#8220;on|phone&#8220; module_alignment=&#8220;center&#8220;][/et_pb_divider][et_pb_text _builder_version=&#8220;4.4.7&#8243;]</p>
<p>Die Präfekten handeln unter allen Umständen im Hinblick auf die Wahrung der Interessen des Staates. Nach diesem Prinzip dürfen sie nicht öffentlich gegen die Entscheidungen des Staatsrates oder eines Departementvorstehers Stellung nehmen.</p>
<p>Zur Erinnerung: Präfekten sind die obersten Richter des Bezirkes und die Vertreter der Exekutiv- und Verwaltungsmacht, deren Befehle sie erhalten und ausführen. Es sei darauf hingewiesen, dass die Präfekten dem Departementvorsteher, der für die Institutionen zuständig ist, jedes Jahr einen Bericht über ihre Aktivitäten im vergangenen Jahr zukommen lassen. Sie richten auch Sonderberichte an den Staatsrat über die ihnen bekannten Fakten, so oft es das Wohl des Dienstes erfordert.</p>
<p>[/et_pb_text][/et_pb_column][/et_pb_row][/et_pb_section][et_pb_section fb_built=&#8220;1&#8243; _builder_version=&#8220;4.4.7&#8243;][et_pb_row column_structure=&#8220;1_2,1_2&#8243; _builder_version=&#8220;4.4.7&#8243;][et_pb_column type=&#8220;1_2&#8243; _builder_version=&#8220;4.4.7&#8243;][et_pb_blurb title=&#8220;Vertretung und Delegation des Staatsrates&#8220; image=&#8220;https://prefetsvalais.ch/wp-content/uploads/2020/06/postit.png&#8220; icon_placement=&#8220;left&#8220; image_max_width=&#8220;75px&#8220; _builder_version=&#8220;4.4.7&#8243; header_font=&#8220;|700|||||||&#8220; header_text_color=&#8220;#e02b20&#8243;]</p>
<p>Der Staatsrat kann einen Präfekten zu einer Veranstaltung delegieren, bei der eine offizielle Regierungspräsenz erwünscht ist. In Abwesenheit eines Mitglieds des Staatsrats:</p>
<ul style="list-style-type: circle;">
<li>ist der Präfekt der offizielle Vertreter des Kantons</li>
<li>vertritt der Präfekt den Staatsrat innerhalb des Bezirks und/oder ausserhalb des Kantons</li>
</ul>
<p>[/et_pb_blurb][/et_pb_column][et_pb_column type=&#8220;1_2&#8243; _builder_version=&#8220;4.4.7&#8243;][et_pb_blurb title=&#8220;Mandat des Staatsrates&#8220; image=&#8220;https://prefetsvalais.ch/wp-content/uploads/2020/06/bankcircle.png&#8220; icon_placement=&#8220;left&#8220; image_max_width=&#8220;75px&#8220; _builder_version=&#8220;4.4.7&#8243; header_font=&#8220;|700|||||||&#8220; header_text_color=&#8220;#e02b20&#8243;]</p>
<p>Der Staatsrat, in seiner Eigenschaft als Aufsichtsbehörde bzw. Oberaufsichtsbehörde der Gemeinden, kann die Präfekten mit besonderen Aufgaben wie die Überwachung der Stimmabgabe und der Auszählung betrauen.</p>
<p>Ein Departementvorsteher kann unter Umständen auch die Dienste der Präfekten in Anspruch nehmen.</p>
<p>[/et_pb_blurb][/et_pb_column][/et_pb_row][/et_pb_section]</p>

<p>Was sind die Beziehungspunkte zwischen den Präfekten und dem Staat?Die Präfekten handeln unter allen Umständen im Hinblick auf die Wahrung der Interessen des Staates. Nach diesem Prinzip dürfen sie nicht öffentlich gegen die Entscheidungen des Staatsrates oder eines Departementvorstehers Stellung nehmen. Zur Erinnerung: Präfekten sind die obersten Richter des Bezirkes und die Vertreter der Exekutiv- [&hellip;]</p>

<!-- This site is optimized with the Yoast SEO plugin v27.3 - https://yoast.com/product/yoast-seo-wordpress/ -->
<title>Die Beziehungen der Präfekten zum Staat - Préfets du Valais</title>
<meta name="description" content="Die Präfekten handeln unter allen Umständen im Hinblick auf die Wahrung der Interessen des Staates." />
<meta name="robots" content="index, follow, max-snippet:-1, max-image-preview:large, max-video-preview:-1" />
<link rel="canonical" href="https://prefetsvalais.ch/de/die-beziehungen-der-praefekten-zum-staat/" />
<meta property="og:locale" content="de_DE" />
<meta property="og:type" content="article" />
<meta property="og:title" content="Die Beziehungen der Präfekten zum Staat - Préfets du Valais" />
<meta property="og:description" content="Die Präfekten handeln unter allen Umständen im Hinblick auf die Wahrung der Interessen des Staates." />
<meta property="og:url" content="https://prefetsvalais.ch/de/die-beziehungen-der-praefekten-zum-staat/" />
<meta property="og:site_name" content="Préfets du Valais" />
<meta property="article:modified_time" content="2020-08-25T11:40:53+00:00" />
<meta name="twitter:card" content="summary_large_image" />
<meta name="twitter:label1" content="Geschätzte Lesezeit" />
	<meta name="twitter:data1" content="2 Minuten" />
<script type="application/ld+json" class="yoast-schema-graph">{"@context":"https:\/\/schema.org","@graph":[{"@type":"WebPage","@id":"https:\/\/prefetsvalais.ch\/de\/die-beziehungen-der-praefekten-zum-staat\/","url":"https:\/\/prefetsvalais.ch\/de\/die-beziehungen-der-praefekten-zum-staat\/","name":"Die Beziehungen der Präfekten zum Staat - Préfets du Valais","isPartOf":{"@id":"https:\/\/prefetsvalais.ch\/#website"},"datePublished":"2020-06-10T10:32:39+00:00","dateModified":"2020-08-25T11:40:53+00:00","description":"Die Präfekten handeln unter allen Umständen im Hinblick auf die Wahrung der Interessen des Staates.","breadcrumb":{"@id":"https:\/\/prefetsvalais.ch\/de\/die-beziehungen-der-praefekten-zum-staat\/#breadcrumb"},"inLanguage":"de","potentialAction":[{"@type":"ReadAction","target":["https:\/\/prefetsvalais.ch\/de\/die-beziehungen-der-praefekten-zum-staat\/"]}]},{"@type":"BreadcrumbList","@id":"https:\/\/prefetsvalais.ch\/de\/die-beziehungen-der-praefekten-zum-staat\/#breadcrumb","itemListElement":[{"@type":"ListItem","position":1,"name":"Accueil","item":"https:\/\/prefetsvalais.ch\/"},{"@type":"ListItem","position":2,"name":"Die Beziehungen der Präfekten zum Staat"}]},{"@type":"WebSite","@id":"https:\/\/prefetsvalais.ch\/#website","url":"https:\/\/prefetsvalais.ch\/","name":"Préfets du Valais","description":"","publisher":{"@id":"https:\/\/prefetsvalais.ch\/#organization"},"potentialAction":[{"@type":"SearchAction","target":{"@type":"EntryPoint","urlTemplate":"https:\/\/prefetsvalais.ch\/?s={search_term_string}"},"query-input":{"@type":"PropertyValueSpecification","valueRequired":true,"valueName":"search_term_string"}}],"inLanguage":"de"},{"@type":"Organization","@id":"https:\/\/prefetsvalais.ch\/#organization","name":"Préfets du Valais","url":"https:\/\/prefetsvalais.ch\/","logo":{"@type":"ImageObject","inLanguage":"de","@id":"https:\/\/prefetsvalais.ch\/#\/schema\/logo\/image\/","url":"https:\/\/prefetsvalais.ch\/wp-content\/uploads\/2020\/08\/logo-prefets.png","contentUrl":"https:\/\/prefetsvalais.ch\/wp-content\/uploads\/2020\/08\/logo-prefets.png","width":600,"height":252,"caption":"Préfets du Valais"},"image":{"@id":"https:\/\/prefetsvalais.ch\/#\/schema\/logo\/image\/"}}]}</script>
<!-- / Yoast SEO plugin. -->

Die Beziehungen der Präfekten zum Staat - Préfets du Valais

Die Präfekten handeln unter allen Umständen im Hinblick auf die Wahrung der Interessen des Staates.

Préfets du Valais
