{"id":314,"date":"2020-08-25T11:03:57","date_gmt":"2020-08-25T09:03:57","guid":{"rendered":"https:\/\/prefetsvalais.ch\/bezirk-oestlich-raron\/"},"modified":"2020-12-09T14:11:18","modified_gmt":"2020-12-09T13:11:18","slug":"bezirk-oestlich-raron","status":"publish","type":"page","link":"https:\/\/prefetsvalais.ch\/de\/bezirk-oestlich-raron\/","title":{"rendered":"Bezirk Oestlich Raron"},"content":{"rendered":"<p>[et_pb_section fb_built=&#8220;1&#8243; _builder_version=&#8220;4.4.7&#8243; custom_padding=&#8220;||0px||false|false&#8220;][et_pb_row _builder_version=&#8220;4.4.7&#8243;][et_pb_column type=&#8220;4_4&#8243; _builder_version=&#8220;4.4.7&#8243;][et_pb_text _builder_version=&#8220;4.5.3&#8243; header_font=&#8220;|700|||||||&#8220; header_text_align=&#8220;center&#8220; header_font_size_tablet=&#8220;&#8220; header_font_size_phone=&#8220;&#8220; header_font_size_last_edited=&#8220;on|phone&#8220;]<\/p>\n<h1>Bezirk Oestlich Raron<\/h1>\n<p>[\/et_pb_text][et_pb_divider _builder_version=&#8220;4.5.3&#8243; _module_preset=&#8220;e550f370-6c0f-432e-84c6-d685878228cd&#8220;][\/et_pb_divider][\/et_pb_column][\/et_pb_row][\/et_pb_section][et_pb_section fb_built=&#8220;1&#8243; _builder_version=&#8220;4.4.7&#8243;][et_pb_row _builder_version=&#8220;4.5.3&#8243; _module_preset=&#8220;default&#8220;][et_pb_column type=&#8220;4_4&#8243; _builder_version=&#8220;4.5.3&#8243; _module_preset=&#8220;default&#8220;][et_pb_text _builder_version=&#8220;4.5.3&#8243; _module_preset=&#8220;default&#8220;]<\/p>\n<p><strong>Hr. Beat Zurschmitten<\/strong>, Pr\u00e4fekt Bezirk Oestlich Raron<\/p>\n<p>[\/et_pb_text][\/et_pb_column][\/et_pb_row][et_pb_row _builder_version=&#8220;4.4.7&#8243;][et_pb_column type=&#8220;4_4&#8243; _builder_version=&#8220;4.4.7&#8243;][et_pb_text _builder_version=&#8220;4.6.6&#8243; header_2_font=&#8220;|600|||||||&#8220; header_2_text_align=&#8220;center&#8220; hover_enabled=&#8220;0&#8243; header_2_font_size_tablet=&#8220;&#8220; header_2_font_size_phone=&#8220;&#8220; header_2_font_size_last_edited=&#8220;on|phone&#8220; sticky_enabled=&#8220;0&#8243;]<\/p>\n<h3>Was sind ihrer Meinung nach die wichtigsten Vorteile ihres Bezirkes?<\/h3>\n<p>Der Bezirk Oestlich Raron wird als wichtiges Bindeglied innerhalb der Gemeinden des Bezirks wahrgenommen. Die interkommunale Zusammenarbeit innerhalb der Bezirksgemeinden ist ein tragendes Element auf Verwaltungsebene. Gemeinde\u00fcbergreifende Projekte, aber auch interkommunale Herausforderungen und Probleme werden auf Bezirksebene einfacher und effizienter gel\u00f6st. Die Identit\u00e4t mit dem Bezirk ist in der Bev\u00f6lkerung nach wie vor ausgepr\u00e4gt vorhanden.<\/p>\n<p>&nbsp;<\/p>\n<h3>Welches der Projekte in ihrem Bezirk hat Sie am meisten beeindruckt?<\/h3>\n<p>Die bezirks\u00fcbergreifende Fusion der Bahnen der Riederalp, Bettmeralp und Fiesch\/K\u00fchboden zur Aletsch Bahnen AG. Voraussetzung war die Zustimmung der drei bezirks\u00fcbergreifenden Standortgemeinden Riederalp, Bettmeralp und Fiesch.<\/p>\n<p>&nbsp;<\/p>\n<h3>Welche Projekte m\u00f6chten Sie in ihrem Bezirk entwickeln lassen?<\/h3>\n<ol>\n<li>Fusion der Gemeinden des Bezirks Oestlich Raron.<\/li>\n<li>Vorantreiben der Bahnverbindung Riederalp \u2013 Belalp.<\/li>\n<li>Realisierung des kantonalen Bikeprojekts innerhalb der betroffenen Bezirksgemeinden Grengiols- Bister-M\u00f6rel-Bitsch.<\/li>\n<li>Aufhebung des \u201eBetreute Alterswohnen De Sepibus M\u00f6rel\u201c mit Integration in das \u201eZentrum rund ums Alter\u201c Naters.<\/li>\n<\/ol>\n<p>&nbsp;<\/p>\n<p>&nbsp;<\/p>\n<p>[\/et_pb_text][\/et_pb_column][\/et_pb_row][\/et_pb_section]<\/p>\n","protected":false},"excerpt":{"rendered":"<p>Bezirk Oestlich RaronHr. Beat Zurschmitten, Pr\u00e4fekt Bezirk Oestlich RaronWas sind ihrer Meinung nach die wichtigsten Vorteile ihres Bezirkes? Der Bezirk Oestlich Raron wird als wichtiges Bindeglied innerhalb der Gemeinden des Bezirks wahrgenommen. Die interkommunale Zusammenarbeit innerhalb der Bezirksgemeinden ist ein tragendes Element auf Verwaltungsebene. Gemeinde\u00fcbergreifende Projekte, aber auch interkommunale Herausforderungen und Probleme werden auf Bezirksebene [&hellip;]<\/p>\n","protected":false},"author":2,"featured_media":0,"parent":0,"menu_order":0,"comment_status":"closed","ping_status":"closed","template":"","meta":{"_et_pb_use_builder":"on","_et_pb_old_content":"","_et_gb_content_width":"","footnotes":""},"class_list":["post-314","page","type-page","status-publish","hentry"],"yoast_head":"<!-- This site is optimized with the Yoast SEO plugin v27.3 - https:\/\/yoast.com\/product\/yoast-seo-wordpress\/ -->\n<title>Bezirk Oestlich Raron - Pr\u00e9fets du Valais<\/title>\n<meta name=\"description\" content=\"Finden Sie auf unseren Seiten alle Erfahrungen der Pr\u00e4fekten und Pr\u00e4sidenten der Walliser Gemeinden.\" \/>\n<meta name=\"robots\" content=\"index, follow, max-snippet:-1, max-image-preview:large, max-video-preview:-1\" \/>\n<link rel=\"canonical\" href=\"https:\/\/prefetsvalais.ch\/de\/bezirk-oestlich-raron\/\" \/>\n<meta property=\"og:locale\" content=\"de_DE\" \/>\n<meta property=\"og:type\" content=\"article\" \/>\n<meta property=\"og:title\" content=\"Bezirk Oestlich Raron - Pr\u00e9fets du Valais\" \/>\n<meta property=\"og:description\" content=\"Finden Sie auf unseren Seiten alle Erfahrungen der Pr\u00e4fekten und Pr\u00e4sidenten der Walliser Gemeinden.\" \/>\n<meta property=\"og:url\" content=\"https:\/\/prefetsvalais.ch\/de\/bezirk-oestlich-raron\/\" \/>\n<meta property=\"og:site_name\" content=\"Pr\u00e9fets du Valais\" \/>\n<meta property=\"article:modified_time\" content=\"2020-12-09T13:11:18+00:00\" \/>\n<meta name=\"twitter:card\" content=\"summary_large_image\" \/>\n<meta name=\"twitter:label1\" content=\"Gesch\u00e4tzte Lesezeit\" \/>\n\t<meta name=\"twitter:data1\" content=\"2\u00a0Minuten\" \/>\n<script type=\"application\/ld+json\" class=\"yoast-schema-graph\">{\"@context\":\"https:\\\/\\\/schema.org\",\"@graph\":[{\"@type\":\"WebPage\",\"@id\":\"https:\\\/\\\/prefetsvalais.ch\\\/de\\\/bezirk-oestlich-raron\\\/\",\"url\":\"https:\\\/\\\/prefetsvalais.ch\\\/de\\\/bezirk-oestlich-raron\\\/\",\"name\":\"Bezirk Oestlich Raron - Pr\u00e9fets du Valais\",\"isPartOf\":{\"@id\":\"https:\\\/\\\/prefetsvalais.ch\\\/#website\"},\"datePublished\":\"2020-08-25T09:03:57+00:00\",\"dateModified\":\"2020-12-09T13:11:18+00:00\",\"description\":\"Finden Sie auf unseren Seiten alle Erfahrungen der Pr\u00e4fekten und Pr\u00e4sidenten der Walliser Gemeinden.\",\"breadcrumb\":{\"@id\":\"https:\\\/\\\/prefetsvalais.ch\\\/de\\\/bezirk-oestlich-raron\\\/#breadcrumb\"},\"inLanguage\":\"de\",\"potentialAction\":[{\"@type\":\"ReadAction\",\"target\":[\"https:\\\/\\\/prefetsvalais.ch\\\/de\\\/bezirk-oestlich-raron\\\/\"]}]},{\"@type\":\"BreadcrumbList\",\"@id\":\"https:\\\/\\\/prefetsvalais.ch\\\/de\\\/bezirk-oestlich-raron\\\/#breadcrumb\",\"itemListElement\":[{\"@type\":\"ListItem\",\"position\":1,\"name\":\"Accueil\",\"item\":\"https:\\\/\\\/prefetsvalais.ch\\\/\"},{\"@type\":\"ListItem\",\"position\":2,\"name\":\"Bezirk Oestlich Raron\"}]},{\"@type\":\"WebSite\",\"@id\":\"https:\\\/\\\/prefetsvalais.ch\\\/#website\",\"url\":\"https:\\\/\\\/prefetsvalais.ch\\\/\",\"name\":\"Pr\u00e9fets du Valais\",\"description\":\"\",\"publisher\":{\"@id\":\"https:\\\/\\\/prefetsvalais.ch\\\/#organization\"},\"potentialAction\":[{\"@type\":\"SearchAction\",\"target\":{\"@type\":\"EntryPoint\",\"urlTemplate\":\"https:\\\/\\\/prefetsvalais.ch\\\/?s={search_term_string}\"},\"query-input\":{\"@type\":\"PropertyValueSpecification\",\"valueRequired\":true,\"valueName\":\"search_term_string\"}}],\"inLanguage\":\"de\"},{\"@type\":\"Organization\",\"@id\":\"https:\\\/\\\/prefetsvalais.ch\\\/#organization\",\"name\":\"Pr\u00e9fets du Valais\",\"url\":\"https:\\\/\\\/prefetsvalais.ch\\\/\",\"logo\":{\"@type\":\"ImageObject\",\"inLanguage\":\"de\",\"@id\":\"https:\\\/\\\/prefetsvalais.ch\\\/#\\\/schema\\\/logo\\\/image\\\/\",\"url\":\"https:\\\/\\\/prefetsvalais.ch\\\/wp-content\\\/uploads\\\/2020\\\/08\\\/logo-prefets.png\",\"contentUrl\":\"https:\\\/\\\/prefetsvalais.ch\\\/wp-content\\\/uploads\\\/2020\\\/08\\\/logo-prefets.png\",\"width\":600,\"height\":252,\"caption\":\"Pr\u00e9fets du Valais\"},\"image\":{\"@id\":\"https:\\\/\\\/prefetsvalais.ch\\\/#\\\/schema\\\/logo\\\/image\\\/\"}}]}<\/script>\n<!-- \/ Yoast SEO plugin. -->","yoast_head_json":{"title":"Bezirk Oestlich Raron - Pr\u00e9fets du Valais","description":"Finden Sie auf unseren Seiten alle Erfahrungen der Pr\u00e4fekten und Pr\u00e4sidenten der Walliser Gemeinden.","robots":{"index":"index","follow":"follow","max-snippet":"max-snippet:-1","max-image-preview":"max-image-preview:large","max-video-preview":"max-video-preview:-1"},"canonical":"https:\/\/prefetsvalais.ch\/de\/bezirk-oestlich-raron\/","og_locale":"de_DE","og_type":"article","og_title":"Bezirk Oestlich Raron - Pr\u00e9fets du Valais","og_description":"Finden Sie auf unseren Seiten alle Erfahrungen der Pr\u00e4fekten und Pr\u00e4sidenten der Walliser Gemeinden.","og_url":"https:\/\/prefetsvalais.ch\/de\/bezirk-oestlich-raron\/","og_site_name":"Pr\u00e9fets du Valais","article_modified_time":"2020-12-09T13:11:18+00:00","twitter_card":"summary_large_image","twitter_misc":{"Gesch\u00e4tzte Lesezeit":"2\u00a0Minuten"},"schema":{"@context":"https:\/\/schema.org","@graph":[{"@type":"WebPage","@id":"https:\/\/prefetsvalais.ch\/de\/bezirk-oestlich-raron\/","url":"https:\/\/prefetsvalais.ch\/de\/bezirk-oestlich-raron\/","name":"Bezirk Oestlich Raron - Pr\u00e9fets du Valais","isPartOf":{"@id":"https:\/\/prefetsvalais.ch\/#website"},"datePublished":"2020-08-25T09:03:57+00:00","dateModified":"2020-12-09T13:11:18+00:00","description":"Finden Sie auf unseren Seiten alle Erfahrungen der Pr\u00e4fekten und Pr\u00e4sidenten der Walliser Gemeinden.","breadcrumb":{"@id":"https:\/\/prefetsvalais.ch\/de\/bezirk-oestlich-raron\/#breadcrumb"},"inLanguage":"de","potentialAction":[{"@type":"ReadAction","target":["https:\/\/prefetsvalais.ch\/de\/bezirk-oestlich-raron\/"]}]},{"@type":"BreadcrumbList","@id":"https:\/\/prefetsvalais.ch\/de\/bezirk-oestlich-raron\/#breadcrumb","itemListElement":[{"@type":"ListItem","position":1,"name":"Accueil","item":"https:\/\/prefetsvalais.ch\/"},{"@type":"ListItem","position":2,"name":"Bezirk Oestlich Raron"}]},{"@type":"WebSite","@id":"https:\/\/prefetsvalais.ch\/#website","url":"https:\/\/prefetsvalais.ch\/","name":"Pr\u00e9fets du Valais","description":"","publisher":{"@id":"https:\/\/prefetsvalais.ch\/#organization"},"potentialAction":[{"@type":"SearchAction","target":{"@type":"EntryPoint","urlTemplate":"https:\/\/prefetsvalais.ch\/?s={search_term_string}"},"query-input":{"@type":"PropertyValueSpecification","valueRequired":true,"valueName":"search_term_string"}}],"inLanguage":"de"},{"@type":"Organization","@id":"https:\/\/prefetsvalais.ch\/#organization","name":"Pr\u00e9fets du Valais","url":"https:\/\/prefetsvalais.ch\/","logo":{"@type":"ImageObject","inLanguage":"de","@id":"https:\/\/prefetsvalais.ch\/#\/schema\/logo\/image\/","url":"https:\/\/prefetsvalais.ch\/wp-content\/uploads\/2020\/08\/logo-prefets.png","contentUrl":"https:\/\/prefetsvalais.ch\/wp-content\/uploads\/2020\/08\/logo-prefets.png","width":600,"height":252,"caption":"Pr\u00e9fets du Valais"},"image":{"@id":"https:\/\/prefetsvalais.ch\/#\/schema\/logo\/image\/"}}]}},"_links":{"self":[{"href":"https:\/\/prefetsvalais.ch\/de\/wp-json\/wp\/v2\/pages\/314","targetHints":{"allow":["GET"]}}],"collection":[{"href":"https:\/\/prefetsvalais.ch\/de\/wp-json\/wp\/v2\/pages"}],"about":[{"href":"https:\/\/prefetsvalais.ch\/de\/wp-json\/wp\/v2\/types\/page"}],"author":[{"embeddable":true,"href":"https:\/\/prefetsvalais.ch\/de\/wp-json\/wp\/v2\/users\/2"}],"replies":[{"embeddable":true,"href":"https:\/\/prefetsvalais.ch\/de\/wp-json\/wp\/v2\/comments?post=314"}],"version-history":[{"count":5,"href":"https:\/\/prefetsvalais.ch\/de\/wp-json\/wp\/v2\/pages\/314\/revisions"}],"predecessor-version":[{"id":495,"href":"https:\/\/prefetsvalais.ch\/de\/wp-json\/wp\/v2\/pages\/314\/revisions\/495"}],"wp:attachment":[{"href":"https:\/\/prefetsvalais.ch\/de\/wp-json\/wp\/v2\/media?parent=314"}],"curies":[{"name":"wp","href":"https:\/\/api.w.org\/{rel}","templated":true}]}}

<p>[et_pb_section fb_built=&#8220;1&#8243; _builder_version=&#8220;4.4.7&#8243; custom_padding=&#8220;||0px||false|false&#8220;][et_pb_row _builder_version=&#8220;4.4.7&#8243;][et_pb_column type=&#8220;4_4&#8243; _builder_version=&#8220;4.4.7&#8243;][et_pb_text _builder_version=&#8220;4.5.3&#8243; header_font=&#8220;|700|||||||&#8220; header_text_align=&#8220;center&#8220; header_font_size_tablet=&#8220;&#8220; header_font_size_phone=&#8220;&#8220; header_font_size_last_edited=&#8220;on|phone&#8220;]</p>
<h1>Bezirk Oestlich Raron</h1>
<p>[/et_pb_text][et_pb_divider _builder_version=&#8220;4.5.3&#8243; _module_preset=&#8220;e550f370-6c0f-432e-84c6-d685878228cd&#8220;][/et_pb_divider][/et_pb_column][/et_pb_row][/et_pb_section][et_pb_section fb_built=&#8220;1&#8243; _builder_version=&#8220;4.4.7&#8243;][et_pb_row _builder_version=&#8220;4.5.3&#8243; _module_preset=&#8220;default&#8220;][et_pb_column type=&#8220;4_4&#8243; _builder_version=&#8220;4.5.3&#8243; _module_preset=&#8220;default&#8220;][et_pb_text _builder_version=&#8220;4.5.3&#8243; _module_preset=&#8220;default&#8220;]</p>
<p><strong>Hr. Beat Zurschmitten</strong>, Präfekt Bezirk Oestlich Raron</p>
<p>[/et_pb_text][/et_pb_column][/et_pb_row][et_pb_row _builder_version=&#8220;4.4.7&#8243;][et_pb_column type=&#8220;4_4&#8243; _builder_version=&#8220;4.4.7&#8243;][et_pb_text _builder_version=&#8220;4.6.6&#8243; header_2_font=&#8220;|600|||||||&#8220; header_2_text_align=&#8220;center&#8220; hover_enabled=&#8220;0&#8243; header_2_font_size_tablet=&#8220;&#8220; header_2_font_size_phone=&#8220;&#8220; header_2_font_size_last_edited=&#8220;on|phone&#8220; sticky_enabled=&#8220;0&#8243;]</p>
<h3>Was sind ihrer Meinung nach die wichtigsten Vorteile ihres Bezirkes?</h3>
<p>Der Bezirk Oestlich Raron wird als wichtiges Bindeglied innerhalb der Gemeinden des Bezirks wahrgenommen. Die interkommunale Zusammenarbeit innerhalb der Bezirksgemeinden ist ein tragendes Element auf Verwaltungsebene. Gemeindeübergreifende Projekte, aber auch interkommunale Herausforderungen und Probleme werden auf Bezirksebene einfacher und effizienter gelöst. Die Identität mit dem Bezirk ist in der Bevölkerung nach wie vor ausgeprägt vorhanden.</p>
<p>&nbsp;</p>
<h3>Welches der Projekte in ihrem Bezirk hat Sie am meisten beeindruckt?</h3>
<p>Die bezirksübergreifende Fusion der Bahnen der Riederalp, Bettmeralp und Fiesch/Kühboden zur Aletsch Bahnen AG. Voraussetzung war die Zustimmung der drei bezirksübergreifenden Standortgemeinden Riederalp, Bettmeralp und Fiesch.</p>
<p>&nbsp;</p>
<h3>Welche Projekte möchten Sie in ihrem Bezirk entwickeln lassen?</h3>
<ol>
<li>Fusion der Gemeinden des Bezirks Oestlich Raron.</li>
<li>Vorantreiben der Bahnverbindung Riederalp – Belalp.</li>
<li>Realisierung des kantonalen Bikeprojekts innerhalb der betroffenen Bezirksgemeinden Grengiols- Bister-Mörel-Bitsch.</li>
<li>Aufhebung des „Betreute Alterswohnen De Sepibus Mörel“ mit Integration in das „Zentrum rund ums Alter“ Naters.</li>
</ol>
<p>&nbsp;</p>
<p>&nbsp;</p>
<p>[/et_pb_text][/et_pb_column][/et_pb_row][/et_pb_section]</p>

<p>Bezirk Oestlich RaronHr. Beat Zurschmitten, Präfekt Bezirk Oestlich RaronWas sind ihrer Meinung nach die wichtigsten Vorteile ihres Bezirkes? Der Bezirk Oestlich Raron wird als wichtiges Bindeglied innerhalb der Gemeinden des Bezirks wahrgenommen. Die interkommunale Zusammenarbeit innerhalb der Bezirksgemeinden ist ein tragendes Element auf Verwaltungsebene. Gemeindeübergreifende Projekte, aber auch interkommunale Herausforderungen und Probleme werden auf Bezirksebene [&hellip;]</p>

<!-- This site is optimized with the Yoast SEO plugin v27.3 - https://yoast.com/product/yoast-seo-wordpress/ -->
<title>Bezirk Oestlich Raron - Préfets du Valais</title>
<meta name="description" content="Finden Sie auf unseren Seiten alle Erfahrungen der Präfekten und Präsidenten der Walliser Gemeinden." />
<meta name="robots" content="index, follow, max-snippet:-1, max-image-preview:large, max-video-preview:-1" />
<link rel="canonical" href="https://prefetsvalais.ch/de/bezirk-oestlich-raron/" />
<meta property="og:locale" content="de_DE" />
<meta property="og:type" content="article" />
<meta property="og:title" content="Bezirk Oestlich Raron - Préfets du Valais" />
<meta property="og:description" content="Finden Sie auf unseren Seiten alle Erfahrungen der Präfekten und Präsidenten der Walliser Gemeinden." />
<meta property="og:url" content="https://prefetsvalais.ch/de/bezirk-oestlich-raron/" />
<meta property="og:site_name" content="Préfets du Valais" />
<meta property="article:modified_time" content="2020-12-09T13:11:18+00:00" />
<meta name="twitter:card" content="summary_large_image" />
<meta name="twitter:label1" content="Geschätzte Lesezeit" />
	<meta name="twitter:data1" content="2 Minuten" />
<script type="application/ld+json" class="yoast-schema-graph">{"@context":"https:\/\/schema.org","@graph":[{"@type":"WebPage","@id":"https:\/\/prefetsvalais.ch\/de\/bezirk-oestlich-raron\/","url":"https:\/\/prefetsvalais.ch\/de\/bezirk-oestlich-raron\/","name":"Bezirk Oestlich Raron - Préfets du Valais","isPartOf":{"@id":"https:\/\/prefetsvalais.ch\/#website"},"datePublished":"2020-08-25T09:03:57+00:00","dateModified":"2020-12-09T13:11:18+00:00","description":"Finden Sie auf unseren Seiten alle Erfahrungen der Präfekten und Präsidenten der Walliser Gemeinden.","breadcrumb":{"@id":"https:\/\/prefetsvalais.ch\/de\/bezirk-oestlich-raron\/#breadcrumb"},"inLanguage":"de","potentialAction":[{"@type":"ReadAction","target":["https:\/\/prefetsvalais.ch\/de\/bezirk-oestlich-raron\/"]}]},{"@type":"BreadcrumbList","@id":"https:\/\/prefetsvalais.ch\/de\/bezirk-oestlich-raron\/#breadcrumb","itemListElement":[{"@type":"ListItem","position":1,"name":"Accueil","item":"https:\/\/prefetsvalais.ch\/"},{"@type":"ListItem","position":2,"name":"Bezirk Oestlich Raron"}]},{"@type":"WebSite","@id":"https:\/\/prefetsvalais.ch\/#website","url":"https:\/\/prefetsvalais.ch\/","name":"Préfets du Valais","description":"","publisher":{"@id":"https:\/\/prefetsvalais.ch\/#organization"},"potentialAction":[{"@type":"SearchAction","target":{"@type":"EntryPoint","urlTemplate":"https:\/\/prefetsvalais.ch\/?s={search_term_string}"},"query-input":{"@type":"PropertyValueSpecification","valueRequired":true,"valueName":"search_term_string"}}],"inLanguage":"de"},{"@type":"Organization","@id":"https:\/\/prefetsvalais.ch\/#organization","name":"Préfets du Valais","url":"https:\/\/prefetsvalais.ch\/","logo":{"@type":"ImageObject","inLanguage":"de","@id":"https:\/\/prefetsvalais.ch\/#\/schema\/logo\/image\/","url":"https:\/\/prefetsvalais.ch\/wp-content\/uploads\/2020\/08\/logo-prefets.png","contentUrl":"https:\/\/prefetsvalais.ch\/wp-content\/uploads\/2020\/08\/logo-prefets.png","width":600,"height":252,"caption":"Préfets du Valais"},"image":{"@id":"https:\/\/prefetsvalais.ch\/#\/schema\/logo\/image\/"}}]}</script>
<!-- / Yoast SEO plugin. -->

Bezirk Oestlich Raron - Préfets du Valais

Finden Sie auf unseren Seiten alle Erfahrungen der Präfekten und Präsidenten der Walliser Gemeinden.

Préfets du Valais
